10
Let z(u) = 1 + 6*u + 2*u - 3. Let o be z(1). What is the highest common factor of 24 and o?
6
Let b = 13 + -5. Let d(t) = t**2 + 4*t + 1. Let q be d(-5). Let f = q + -4. Calculate the highest common divisor of f and b.
2
Let k(x) = x**3 - 5*x**2 + 4*x - 2. Let w be k(5). Suppose 2*t = -21 + 111. What is the greatest common factor of t and w?
9
Let l be 7/(-21)*(-103 + 1). Calculate the greatest common divisor of 85 and l.
17
Let a = 13 - 8. Let t = 5 + 0. Let x(p) = -p**2 + 4*p + 6. Let b be x(t). Calculate the highest common divisor of a and b.
1
Let u = -8 - -29. What is the highest common factor of 3 and u?
3
Let y(n) = 2*n**2 - 3*n + 2. Let k be y(2). Let z = k + 9. Let i(f) = -14*f + 6. Let m be i(-7). Calculate the highest common divisor of m and z.
13
Suppose -g - 3*g - 12 = 0, 4*b - g - 15 = 0. Calculate the highest common factor of 39 and b.
3
Let d(j) = -j**3 - 11*j**2 - 3*j - 26. Let k be d(-11). What is the greatest common divisor of k and 28?
7
Suppose 0 = 5*n - 39 - 1. Let b = n + -78. Let x be b/(-4) - (-4)/(-8). What is the highest common factor of 187 and x?
17
Let p(z) = -2*z + 16. Let y be p(7). Suppose -4*o = 5*k - 77 - 8, -y*o - 2*k + 40 = 0. Calculate the highest common divisor of o and 3.
3
Suppose 4*v - 651 = -231. Calculate the highest common divisor of v and 42.
21
Let x(c) = -c**2 - c + 3. Let v be x(0). Suppose -v - 3 = -p. Let q be (-3)/(-2) - 3/p. What is the highest common factor of 2 and q?
1
Let j(r) = r**3 + 6*r**2 - 2*r - 3. Let b be j(-6). Let f(s) = s**2 + 2. Let m be f(-5). What is the greatest common factor of b and m?
9
Suppose -4*z + 10 + 50 = 5*c, -5*z + 3*c = -38. Let q = 14 - z. What is the highest common factor of 20 and q?
4
Suppose -u - 5*o = 46, 2 - 17 = 5*o. Let b = u + 57. What is the greatest common divisor of b and 39?
13
Let m = 11 + -8. Let q(b) = -b**3 - 5*b**2. Let w be q(-5). Suppose l + m*l - 28 = w. What is the greatest common divisor of l and 35?
7
Let q be ((-6)/5)/((-21)/210). What is the highest common divisor of q and 18?
6
Let p = 13 + -18. Let l be 1 + (-3 - p)/2. What is the highest common divisor of 22 and l?
2
Suppose -9 = -5*z + 21. Let d = 10 + -7. Let l be -9*1/d*-10. What is the highest common factor of z and l?
6
Suppose -6 = -4*b - 3*h, 3*b - 4*h = -3*h - 2. Suppose b = r - 5. Let j = 17 + 8. Calculate the greatest common factor of r and j.
5
Let g = -247 + 423. Suppose -d + 16 = -0*d. Calculate the highest common factor of g and d.
16
Suppose -4*k = -16 + 8. What is the highest common divisor of 16 and k?
2
Let d(a) = 2*a**3 + 2*a**2 - 5*a + 5. Let l be d(3). Suppose -58 = -5*v + l. What is the highest common divisor of 60 and v?
12
Let q = 8 - 6. Suppose -q*t = -0*t + 3*d - 10, 2*d + 20 = 4*t. Calculate the highest common divisor of t and 35.
5
Suppose 2*t + 86 = -4*u + 7*t, 5*t = -3*u - 82. Let b be (u/10)/(2/(-120)). What is the highest common divisor of 24 and b?
24
Suppose -7*c + 16 = -5*c. What is the highest common factor of 32 and c?
8
Let z = 3 + -35. Let f = -17 - z. What is the greatest common factor of 75 and f?
15
Suppose -3*d + 290 = -5*r, 3*d - 196 = d + 2*r. Calculate the greatest common factor of d and 10.
10
Suppose -3*o + 2*o + 3 = 0. Let b(p) = -2*p**2 + 3*p + 4*p**3 - p**2 - 3*p**3 + 4 - 2*p**o. Let q be b(-4). What is the greatest common factor of q and 40?
8
Suppose m = -q - 17, 2*q = 2*m + q + 19. Let k be (-42)/4*m/18. What is the greatest common divisor of k and 1?
1
Let x = 10 + 10. What is the highest common factor of 50 and x?
10
Let d be 269/6 - (-5)/30. Let m be 37/7 - 4/14. Calculate the highest common factor of m and d.
5
Let x be ((-112)/12)/(3/(-9)). Suppose -4*d = -4*c - 48, -2*d - c + x = -2*c. Calculate the highest common factor of 48 and d.
16
Let l be ((-12)/(-10))/(2/15). Let x = 141 + -78. Calculate the greatest common factor of x and l.
9
Suppose 0 = 13*b - 4*b - 1638. Calculate the highest common divisor of b and 26.
26
Suppose 2*l - 35 = 7. Let m be 15 + 0 + -2 + 1. What is the highest common factor of m and l?
7
Let k = 97 + -85. What is the greatest common divisor of 4 and k?
4
Suppose 0*m + 5*r = 4*m - 72, -3*m - 4*r + 85 = 0. Suppose -5*f + a = -0*f - 141, -5*a + m = f. What is the greatest common divisor of 4 and f?
4
Let y = 32 + 4. Let i = -3 - -8. Suppose 2*z + i*r - 48 = 0, -z + 4*r = -r - 24. Calculate the highest common divisor of y and z.
12
Let b(o) = -o**3 + 4*o**2 + 5*o + 2. Let s be b(5). Suppose -s*m + 8 = -100. What is the greatest common factor of m and 18?
18
Let p(r) = -r**3 + 8*r**2 + 8*r + 9. Let w = -5 + 14. Let k be p(w). Suppose 0 = -2*o - k*o + 180. Calculate the greatest common divisor of 36 and o.
18
Let s(o) = -6*o + 16. Let n be s(-4). What is the highest common factor of 10 and n?
10
Suppose -2*j + 4*g = -10, -2*j + 3*g = -3*j - 5. Let b(y) = 129*y**2 + 2*y - 1. Let d be b(j). Let x = 14 + -1. What is the highest common factor of d and x?
13
Let p = 21 - 21. Suppose p = -5*a - 4 + 14. What is the highest common divisor of 5 and a?
1
Suppose -3*v + 7 + 5 = 0. Let d be -1 + -1 + -4 + -8. Let j = d - -46. Calculate the greatest common factor of v and j.
4
Suppose -5*b - 28 = -5*r + 57, 0 = 2*r - 4*b - 34. Let p be ((-69)/(-4))/((-9)/(-24)). Let v = p + 107. Calculate the highest common divisor of v and r.
17
Let a be (-3)/(((-6)/(-4))/(-1)). Suppose -4*c = -1 - 3. Let i = a - c. Calculate the highest common factor of 1 and i.
1
Suppose 19*j = 8*j + 220. Calculate the greatest common factor of 70 and j.
10
Let o(x) = 2*x**3 - 6*x**2 - 3*x. Let l be o(5). Suppose -3*n = n. Suppose -f = -n*f - 17. What is the highest common factor of f and l?
17
Let p = 26 + -14. Calculate the greatest common factor of 3 and p.
3
Let l = 15 - -132. Suppose 0 = 4*m - 3*p - l, -2*m + 6*p = 5*p - 73. Let f = 22 + 2. Calculate the greatest common factor of f and m.
12
Let u be (27/6)/((-3)/20). Let n = 46 + u. Let w be -1 + 41 + (1 - 1). What is the greatest common divisor of n and w?
8
Suppose -6*x + 3*x - 15 = 0. Let t(u) = 2*u**2 + 4*u + 6. Let i be t(x). What is the highest common factor of i and 4?
4
Suppose -2*w + 862 = -3*x - 11236, -2*x - 8068 = -2*w. Let b be ((-2)/(-5))/(2/x). Let i be (-2)/(-5) - b/10. What is the highest common divisor of i and 9?
9
Let f be (-6)/4*10/(-3). Suppose f*i - 3*n - 27 = 0, n + 0*n - 5 = -3*i. What is the highest common divisor of 3 and i?
3
Let k be (6/(-4))/(6/(-28)). Suppose 5*o + 3*j = -0*o + 31, 0 = -o - j + k. What is the greatest common divisor of 2 and o?
1
Let r = -25 - -37. Let y(a) = a + 132. Let h be y(0). Calculate the greatest common factor of r and h.
12
Suppose u + 5 = 6. Let v(q) = 12*q**2 + 1. Let c be v(u). What is the greatest common divisor of c and 13?
13
Suppose 0 = -2*l + 5*u + 239, -3*l + l = 2*u - 274. Calculate the greatest common factor of 12 and l.
12
Suppose o - 4*o + 3*u + 1578 = 0, 5*o = -4*u + 2648. Let c be (8/6)/(4/o). What is the highest common divisor of c and 16?
16
Let g be ((-9)/(-6))/(6/8). Suppose -3*t = -5*s - 76, -s = s - g. Let y be 18 + (1 - 2/2). Calculate the greatest common divisor of t and y.
9
Let y = -43 - -49. Calculate the greatest common factor of 9 and y.
3
Let b(c) = -c**3 - 5*c**2 - 5*c - 2. Let w be b(-4). Let k be -3 - -1 - (-6)/3. Suppose k = -2*r - 2*r + 88. What is the greatest common factor of r and w?
2
Let w(l) = -l**3 - l**2 - 9*l + 11. Let x be w(0). Calculate the greatest common divisor of 33 and x.
11
Suppose 5*z + 3*t - 1274 = 0, 2*z = -z + 5*t + 744. Calculate the highest common divisor of 23 and z.
23
Suppose -5*q - 2*z = -q - 216, -3*z + 268 = 5*q. What is the greatest common factor of 14 and q?
14
Suppose 5*m + 2*d - 895 = 262, 3*m = 5*d + 688. Suppose -4*u = -u - m. Suppose 5*z - 3*z - 14 = 0. Calculate the greatest common factor of z and u.
7
Let z be (-2*(3 - 7))/(3/33). Calculate the highest common divisor of 22 and z.
22
Suppose -4*l + 10 = 6. What is the highest common divisor of 8 and l?
1
Let d = 8 + -5. Suppose -5*z = -8 + d. Calculate the greatest common divisor of 4 and z.
1
Let h(y) = 4*y**3 - y**2 - y. Let k be h(2). Let z = -57 + 109. Calculate the greatest common factor of k and z.
26
Suppose -5*x = f - 9, -x - 4*f - 3 = -1. Calculate the greatest common factor of x and 7.
1
Suppose 7